{"id":18433,"date":"2025-11-01T12:43:57","date_gmt":"2025-11-01T11:43:57","guid":{"rendered":"https:\/\/www.mietenwahnsinn.info\/2025\/?page_id=18433"},"modified":"2026-03-20T18:40:23","modified_gmt":"2026-03-20T17:40:23","slug":"02-11-2025-ratschlag","status":"publish","type":"page","link":"https:\/\/www.mietenwahnsinn.info\/2026\/02-11-2025-ratschlag\/","title":{"rendered":"02.11.2025: Ratschlag"},"content":{"rendered":"<h4>Einladung zum 3. Mietenpolitischen Ratschlag\u00a0<img loading=\"lazy\" decoding=\"async\" class=\"aligncenter wp-image-18415\" src=\"https:\/\/www.mietenwahnsinn.info\/2025\/wp-content\/uploads\/sites\/10\/2025\/10\/25-11-02dritterratschlag-300x213.jpeg\" alt=\"\" width=\"550\" height=\"390\" srcset=\"https:\/\/www.mietenwahnsinn.info\/2026\/wp-content\/uploads\/sites\/10\/2025\/10\/25-11-02dritterratschlag-300x213.jpeg 300w, https:\/\/www.mietenwahnsinn.info\/2026\/wp-content\/uploads\/sites\/10\/2025\/10\/25-11-02dritterratschlag-768x545.jpeg 768w, https:\/\/www.mietenwahnsinn.info\/2026\/wp-content\/uploads\/sites\/10\/2025\/10\/25-11-02dritterratschlag-624x443.jpeg 624w, https:\/\/www.mietenwahnsinn.info\/2026\/wp-content\/uploads\/sites\/10\/2025\/10\/25-11-02dritterratschlag.jpeg 874w\" sizes=\"auto, (max-width: 550px) 100vw, 550px\" \/> Liebe Mieter:innen, Wohnungslose, Inis, Gruppen und Vereine, das B\u00fcndnis gegen Verdr\u00e4ngung und #Mietenwahnsinn l\u00e4dt euch ein zum<\/h4>\n<p><strong>Dritten Mietenpolitischen Ratschlag <\/strong><br \/>\n<strong>Sonntag, 02.11.2025 <\/strong><br \/>\n<strong>13:00 &#8211; 18:00 Uhr <\/strong><br \/>\n<strong>im Kiezraum auf dem sog. Dragonerareal, Mehringdamm 20, 10961 Berlin-Kreuzberg<\/strong><\/p>\n<p>Mit Blick auf die anstehende Wahl in Berlin im September 2026 wollen m\u00f6glichst viele wohnungspolitische Initiativen diskutieren, wie wir unsere Kr\u00e4fte b\u00fcndeln k\u00f6nnen, um als Bewegung an St\u00e4rke zu gewinnen und unsere Forderungen durchzusetzen. Unsere bisherigen Vorschl\u00e4ge f\u00fcr gemeinsame Aktionen sind:<\/p>\n<ul>\n<li>Eine gro\u00dfe Mieten-Demo vor der Wahl 2026 (Vorschlag: &#8222;Wir finden keine Wohnung!&#8220; am 05. September)<\/li>\n<li>Eine Aktion anl\u00e4sslich des Tages der Immobilienwirtschaft und der Private Equity Kongresse (&#8222;Super Return&#8220;) 2026<\/li>\n<li>DWE Vergesellschaftung<\/li>\n<li>Mietendeckel<\/li>\n<li>Solidarische Wohnungsbesichtigungs- und Prozessbegleitung<\/li>\n<\/ul>\n<p>Habt ihr weitere Ideen, die wir gemeinsam umsetzen k\u00f6nnen? Schreibt sie uns und stellt sie am 02.11. vor! mail [at] mietenwahnsinn.info<\/p>\n<p>Welche Unterst\u00fctzung w\u00fcnscht ihr euch f\u00fcr eure Aktionen? Und wie k\u00f6nntet ihr euch in gemeinsame berlinweite Aktionen oder Kampagnen einbringen?<\/p>\n<p>Ziel ist es, dass wir am Ende des Tages Gruppen gefunden haben, die an konkreten Schritten zu den gefunden Themen weiterarbeiten. Wenn ihr Eure Ini vorstellen wollt, weil ihr neu auf dem Ratschlag seid, oder wichtige Neuigkeiten habt, schreibt uns! mail@mietenwahnsinn.info<\/p>\n<p>Wir wollen einen Social Media Adventskalender ver\u00f6ffentlichen, in dem sich t\u00e4glich eine Ini in unter 60 Sekunden in einer Videoansprache vorstellt. Wer m\u00f6chte, kann das auf dem Ratschlag schon machen, f\u00fcr technische Unterst\u00fctzung ist gesorgt. Schreibt uns: mail [at] mietenwahnsinn.info<\/p>\n<p>Sagt euren Verb\u00fcndeten Bescheid und kommt zum Ratschlag am 02.11.!<\/p>\n<p><strong>Zeitplan f\u00fcr den 3. mietenpolitischen Ratschlag<\/strong><\/p>\n<ul>\n<li>13:15 Begr\u00fc\u00dfung, Orga, Vorstellung Ablauf des Tages<\/li>\n<li>13:25 gemeinsames Singen<\/li>\n<li>13:35 Einleitung-&gt; was ist unser Ziel und Hintergrund des Ratschlages<\/li>\n<li>13:45 Vorstellung der AG\u2019s vom B\u00fcndnis gegen Verdr\u00e4ngung und Mietenwahnsinn<\/li>\n<li>14:00 Raum f\u00fcr einzelne Initiativen, Gruppen, Organisationen, Vernetzungen<br \/>\n=&gt; mit der Frage: wo seid ihr dran? und welche Aktivit\u00e4ten sind f\u00fcr 2026 geplant?<\/li>\n<li>14:30 Vorstellung der einzelnen Themenschwerpunkte f\u00fcr die AG-Phase\n<ul>\n<li>DWE, neue Kampagne, Vergesellschaftung,Organising<\/li>\n<li>Mietendeckel &#8211; n\u00e4chste Schritte<\/li>\n<li>Demo am 5.9.26, vor der Senatswahl<\/li>\n<li>ZIA und Super Return-&gt; Private Equity Anti-Lobbyarbeit\u2013 Gegenkongress \/Gegendemo<\/li>\n<li>Solidarische Wohnungsbesichtigung- und Prozessbegleitung<\/li>\n<\/ul>\n<\/li>\n<li>14:45 kurze Abfrage, wer sich f\u00fcr welche AG interessiert<\/li>\n<li>14:50 PAUSE (inklusive Umstellung der St\u00fchle f\u00fcr AG-Phase)<\/li>\n<li>15:20 AG-Phase<\/li>\n<li>16:20 Umbauphase, Kaffee\/Tee\/Getr\u00e4nke holen<\/li>\n<li>16:30 Vorstellung der geplanten Aktivit\u00e4ten, Eintragung in den Zeitstrahl<\/li>\n<li>17:00 Verabredungen f\u00fcr die jeweiligen Planungen, n\u00e4chste Treffen, Hinweis auf die Wandzeitung mit den aktuellen Aktivit\u00e4ten am Ausgang<\/li>\n<li>17:30 Abfrage, was ist noch offen, was will noch gesagt werden, kurzes Feedback<\/li>\n<li>18:00 gemeinsames Aufr\u00e4umen<\/li>\n<\/ul>\n<p>Solidarische Gr\u00fc\u00dfe euer B\u00fcndnis gegen Verdr\u00e4ngung und #Mietenwahnsinn<\/p>\n<p><strong>Berichte und Protokolle der ersten beiden Ratschl\u00e4ge<\/strong><\/p>\n<p>1. Ratschlag &#8211; 23.11.2024 &#8211; <a href=\"https:\/\/www.mietenwahnsinn.info\/2025\/bericht-vom-mietenpolitischer-ratschlag-23-11-2024\/\" target=\"_blank\" rel=\"noopener\">Bericht<\/a> &#8211; <a href=\"https:\/\/www.mietenwahnsinn.info\/2024\/wp-content\/uploads\/sites\/10\/2024\/12\/2024-11-23-mwb-ratschlag-reader-lang.pdf\" target=\"_blank\" rel=\"noopener\">Reader<\/a> &#8211; <a href=\"https:\/\/www.mietenwahnsinn.info\/2024\/wp-content\/uploads\/sites\/10\/2025\/01\/megaprotokoll-mietenratschlag-241123.pdf\" target=\"_blank\" rel=\"noopener\">Protokoll<\/a><br \/>\n2. Ratschlag &#8211; 25.01.2025 &#8211; <a href=\"https:\/\/www.mietenwahnsinn.info\/2025\/wp-content\/uploads\/sites\/10\/2025\/10\/protokoll-zweiter-mietenratschlag-25125.pdf\" target=\"_blank\" rel=\"noopener\">Protokoll<\/a><\/p>\n<div class=\"shariff shariff-align-flex-start shariff-widget-align-flex-start\"><div class=\"ShariffHeadline\">Teile diesen Beitrag!<\/div><ul class=\"shariff-buttons theme-white orientation-horizontal buttonsize-medium\"><li class=\"shariff-button twitter shariff-nocustomcolor\" style=\"background-color:#595959\"><a href=\"https:\/\/twitter.com\/share?url=https%3A%2F%2Fwww.mietenwahnsinn.info%2F2026%2F02-11-2025-ratschlag%2F&text=02.11.2025%3A%20Ratschlag\" title=\"Bei X teilen\" aria-label=\"Bei X teilen\" role=\"button\" rel=\"noopener nofollow\" class=\"shariff-link\" style=\"; background-color:#000; color:#000\" target=\"_blank\"><span class=\"shariff-icon\" style=\"fill:#000\"><svg width=\"32px\" height=\"20px\" xmlns=\"http:\/\/www.w3.org\/2000\/svg\" viewBox=\"0 0 24 24\"><path fill=\"#000\" d=\"M14.258 10.152L23.176 0h-2.113l-7.747 8.813L7.133 0H0l9.352 13.328L0 23.973h2.113l8.176-9.309 6.531 9.309h7.133zm-2.895 3.293l-.949-1.328L2.875 1.56h3.246l6.086 8.523.945 1.328 7.91 11.078h-3.246zm0 0\"\/><\/svg><\/span><span class=\"shariff-text\" style=\"color:#000\">teilen<\/span>&nbsp;<\/a><\/li><li class=\"shariff-button facebook shariff-nocustomcolor\" style=\"background-color:#4273c8\"><a href=\"https:\/\/www.facebook.com\/sharer\/sharer.php?u=https%3A%2F%2Fwww.mietenwahnsinn.info%2F2026%2F02-11-2025-ratschlag%2F\" title=\"Bei Facebook teilen\" aria-label=\"Bei Facebook teilen\" role=\"button\" rel=\"nofollow\" class=\"shariff-link\" style=\"; background-color:#3b5998; color:#3b5998\" target=\"_blank\"><span class=\"shariff-icon\" style=\"fill:#3b5998\"><svg width=\"32px\" height=\"20px\" xmlns=\"http:\/\/www.w3.org\/2000\/svg\" viewBox=\"0 0 18 32\"><path fill=\"#3b5998\" d=\"M17.1 0.2v4.7h-2.8q-1.5 0-2.1 0.6t-0.5 1.9v3.4h5.2l-0.7 5.3h-4.5v13.6h-5.5v-13.6h-4.5v-5.3h4.5v-3.9q0-3.3 1.9-5.2t5-1.8q2.6 0 4.1 0.2z\"\/><\/svg><\/span><span class=\"shariff-text\" style=\"color:#3b5998\">teilen<\/span>&nbsp;<\/a><\/li><li class=\"shariff-button mailto shariff-nocustomcolor\" style=\"background-color:#a8a8a8\"><a href=\"mailto:?body=https%3A%2F%2Fwww.mietenwahnsinn.info%2F2026%2F02-11-2025-ratschlag%2F&subject=02.11.2025%3A%20Ratschlag\" title=\"Per E-Mail versenden\" aria-label=\"Per E-Mail versenden\" role=\"button\" rel=\"noopener nofollow\" class=\"shariff-link\" style=\"; background-color:#999; color:#999\"><span class=\"shariff-icon\" style=\"fill:#999\"><svg width=\"32px\" height=\"20px\" xmlns=\"http:\/\/www.w3.org\/2000\/svg\" viewBox=\"0 0 32 32\"><path fill=\"#999\" d=\"M32 12.7v14.2q0 1.2-0.8 2t-2 0.9h-26.3q-1.2 0-2-0.9t-0.8-2v-14.2q0.8 0.9 1.8 1.6 6.5 4.4 8.9 6.1 1 0.8 1.6 1.2t1.7 0.9 2 0.4h0.1q0.9 0 2-0.4t1.7-0.9 1.6-1.2q3-2.2 8.9-6.1 1-0.7 1.8-1.6zM32 7.4q0 1.4-0.9 2.7t-2.2 2.2q-6.7 4.7-8.4 5.8-0.2 0.1-0.7 0.5t-1 0.7-0.9 0.6-1.1 0.5-0.9 0.2h-0.1q-0.4 0-0.9-0.2t-1.1-0.5-0.9-0.6-1-0.7-0.7-0.5q-1.6-1.1-4.7-3.2t-3.6-2.6q-1.1-0.7-2.1-2t-1-2.5q0-1.4 0.7-2.3t2.1-0.9h26.3q1.2 0 2 0.8t0.9 2z\"\/><\/svg><\/span><span class=\"shariff-text\" style=\"color:#999\">E-Mail<\/span>&nbsp;<\/a><\/li><\/ul><\/div>","protected":false},"excerpt":{"rendered":"<p>Einladung zum 3. Mietenpolitischen Ratschlag\u00a0 Liebe Mieter:innen, Wohnungslose, Inis, Gruppen und Vereine, das B\u00fcndnis gegen Verdr\u00e4ngung und #Mietenwahnsinn l\u00e4dt euch ein zum Dritten Mietenpolitischen Ratschlag Sonntag, 02.11.2025 13:00 &#8211; 18:00 [&hellip;]<\/p>\n","protected":false},"author":21,"featured_media":0,"parent":0,"menu_order":0,"comment_status":"closed","ping_status":"closed","template":"page-templates\/full-width.php","meta":{"_acf_changed":false,"footnotes":""},"class_list":["post-18433","page","type-page","status-publish","hentry"],"acf":[],"_links":{"self":[{"href":"https:\/\/www.mietenwahnsinn.info\/2026\/wp-json\/wp\/v2\/pages\/18433","targetHints":{"allow":["GET"]}}],"collection":[{"href":"https:\/\/www.mietenwahnsinn.info\/2026\/wp-json\/wp\/v2\/pages"}],"about":[{"href":"https:\/\/www.mietenwahnsinn.info\/2026\/wp-json\/wp\/v2\/types\/page"}],"author":[{"embeddable":true,"href":"https:\/\/www.mietenwahnsinn.info\/2026\/wp-json\/wp\/v2\/users\/21"}],"replies":[{"embeddable":true,"href":"https:\/\/www.mietenwahnsinn.info\/2026\/wp-json\/wp\/v2\/comments?post=18433"}],"version-history":[{"count":5,"href":"https:\/\/www.mietenwahnsinn.info\/2026\/wp-json\/wp\/v2\/pages\/18433\/revisions"}],"predecessor-version":[{"id":18444,"href":"https:\/\/www.mietenwahnsinn.info\/2026\/wp-json\/wp\/v2\/pages\/18433\/revisions\/18444"}],"wp:attachment":[{"href":"https:\/\/www.mietenwahnsinn.info\/2026\/wp-json\/wp\/v2\/media?parent=18433"}],"curies":[{"name":"wp","href":"https:\/\/api.w.org\/{rel}","templated":true}]}}