{"id":17971,"date":"2024-12-02T12:10:16","date_gmt":"2024-12-02T11:10:16","guid":{"rendered":"https:\/\/www.mietenwahnsinn.info\/2024\/?page_id=17971"},"modified":"2025-08-07T02:14:29","modified_gmt":"2025-08-07T00:14:29","slug":"kalender-formular","status":"publish","type":"page","link":"https:\/\/www.mietenwahnsinn.info\/2026\/kalender-formular\/","title":{"rendered":"Kalender Formular"},"content":{"rendered":"\r\n<p>Die Termin Seite <a href=\"https:\/\/kalender.mietenwahnsinn.info\" data-type=\"page\" data-id=\"17980\">kalender.mietenwahnsinn.info<\/a> basiert auf <a href=\"https:\/\/radar.squat.net\">radar.squat.net<\/a>. Falls eure Gruppe dort registriert ist, k\u00f6nnt ihr eure Events dort direkt erstellen und f\u00fcr die Gruppe <a href=\"https:\/\/radar.squat.net\/en\/node\/500309\">B\u00fcndnis gegen Verdr\u00e4ngung und Mietenwahnsinn Berlin<\/a> vorschlagen.<\/p>\r\n\r\n\r\n\n<div class=\"wpcf7 no-js\" id=\"wpcf7-f17984-o1\" lang=\"de-DE\" dir=\"ltr\" data-wpcf7-id=\"17984\">\n<div class=\"screen-reader-response\"><p role=\"status\" aria-live=\"polite\" aria-atomic=\"true\"><\/p> <ul><\/ul><\/div>\n<form action=\"\/2026\/wp-json\/wp\/v2\/pages\/17971#wpcf7-f17984-o1\" method=\"post\" class=\"wpcf7-form init\" aria-label=\"Kontaktformular\" enctype=\"multipart\/form-data\" novalidate=\"novalidate\" data-status=\"init\">\n<fieldset class=\"hidden-fields-container\"><input type=\"hidden\" name=\"_wpcf7\" value=\"17984\" \/><input type=\"hidden\" name=\"_wpcf7_version\" value=\"6.1.5\" \/><input type=\"hidden\" name=\"_wpcf7_locale\" value=\"de_DE\" \/><input type=\"hidden\" name=\"_wpcf7_unit_tag\" value=\"wpcf7-f17984-o1\" \/><input type=\"hidden\" name=\"_wpcf7_container_post\" value=\"0\" \/><input type=\"hidden\" name=\"_wpcf7_posted_data_hash\" value=\"\" \/>\n<\/fieldset>\n<p><label> Titel<br \/>\n<span class=\"wpcf7-form-control-wrap\" data-name=\"titel\"><input size=\"40\" maxlength=\"400\" class=\"wpcf7-form-control wpcf7-text wpcf7-validates-as-required\" aria-required=\"true\" aria-invalid=\"false\" value=\"\" type=\"text\" name=\"titel\" \/><\/span> <\/label>\n<\/p>\n<p><label> Ort<br \/>\n<span class=\"wpcf7-form-control-wrap\" data-name=\"ort\"><input size=\"40\" maxlength=\"400\" class=\"wpcf7-form-control wpcf7-text wpcf7-validates-as-required\" aria-required=\"true\" aria-invalid=\"false\" value=\"\" type=\"text\" name=\"ort\" \/><\/span> <\/label>\n<\/p>\n<p><label> Startdatum<br \/>\n<span class=\"wpcf7-form-control-wrap\" data-name=\"startdatum\"><input class=\"wpcf7-form-control wpcf7-date wpcf7-validates-as-required wpcf7-validates-as-date\" aria-required=\"true\" aria-invalid=\"false\" value=\"\" type=\"date\" name=\"startdatum\" \/><\/span><br \/>\n<\/label>\n<\/p>\n<p><label> Startzeit<br \/>\n<span class=\"wpcf7-form-control-wrap\" data-name=\"starthour\"><input class=\"wpcf7-form-control wpcf7-number wpcf7-validates-as-required wpcf7-validates-as-number\" min=\"0\" max=\"23\" aria-required=\"true\" aria-invalid=\"false\" value=\"18\" type=\"number\" name=\"starthour\" \/><\/span><span class=\"wpcf7-form-control-wrap\" data-name=\"startmin\"><input class=\"wpcf7-form-control wpcf7-number wpcf7-validates-as-required wpcf7-validates-as-number\" min=\"0\" max=\"59\" aria-required=\"true\" aria-invalid=\"false\" value=\"30\" type=\"number\" name=\"startmin\" \/><\/span> Uhr <\/label>\n<\/p>\n<p><label> Enddatum<br \/>\n<span class=\"wpcf7-form-control-wrap\" data-name=\"enddatum\"><input class=\"wpcf7-form-control wpcf7-date wpcf7-validates-as-date\" aria-invalid=\"false\" value=\"\" type=\"date\" name=\"enddatum\" \/><\/span><br \/>\n<\/label>\n<\/p>\n<p><label> Endzeit<br \/>\n<span class=\"wpcf7-form-control-wrap\" data-name=\"endhour\"><input class=\"wpcf7-form-control wpcf7-number wpcf7-validates-as-number\" min=\"0\" max=\"23\" aria-invalid=\"false\" value=\"20\" type=\"number\" name=\"endhour\" \/><\/span><span class=\"wpcf7-form-control-wrap\" data-name=\"endmin\"><input class=\"wpcf7-form-control wpcf7-number wpcf7-validates-as-number\" min=\"0\" max=\"59\" aria-invalid=\"false\" value=\"30\" type=\"number\" name=\"endmin\" \/><\/span> Uhr <\/label>\n<\/p>\n<p><label> Beschreibung<br \/>\n<span class=\"wpcf7-form-control-wrap\" data-name=\"Beschreibung\"><textarea cols=\"40\" rows=\"10\" maxlength=\"2000\" class=\"wpcf7-form-control wpcf7-textarea\" aria-invalid=\"false\" name=\"Beschreibung\"><\/textarea><\/span> <\/label>\n<\/p>\n<p><label> Kontakt (E-Mail)<br \/>\n<span class=\"wpcf7-form-control-wrap\" data-name=\"your-email\"><input size=\"40\" maxlength=\"400\" class=\"wpcf7-form-control wpcf7-email wpcf7-validates-as-required wpcf7-text wpcf7-validates-as-email\" autocomplete=\"email\" aria-required=\"true\" aria-invalid=\"false\" value=\"\" type=\"email\" name=\"your-email\" \/><\/span> <\/label>\n<\/p>\n<p><span id=\"wpcf7-69d6f30fab6c4-wrapper\" class=\"wpcf7-form-control-wrap primary-mail-wrap\" style=\"display:none !important; visibility:hidden !important;\"><input type=\"hidden\" name=\"primary-mail-time-start\" value=\"1775694607\"><input type=\"hidden\" name=\"primary-mail-time-check\" value=\"2\"><label for=\"wpcf7-69d6f30fab6c4-field\" class=\"hp-message\">Bitte lasse dieses Feld leer.<\/label><input id=\"wpcf7-69d6f30fab6c4-field\"  class=\"wpcf7-form-control wpcf7-text\" type=\"text\" name=\"primary-mail\" value=\"\" size=\"40\" tabindex=\"-1\" autocomplete=\"new-password\" \/><\/span>\n<\/p>\n<p><label> Link<br \/>\n<span class=\"wpcf7-form-control-wrap\" data-name=\"Link\"><input size=\"40\" maxlength=\"400\" class=\"wpcf7-form-control wpcf7-text\" aria-invalid=\"false\" value=\"\" type=\"text\" name=\"Link\" \/><\/span> <\/label>\n<\/p>\n<p><label> Kategorie<br \/>\n<span class=\"wpcf7-form-control-wrap\" data-name=\"Kategorie\"><span class=\"wpcf7-form-control wpcf7-checkbox\"><span class=\"wpcf7-list-item first\"><label><input type=\"checkbox\" name=\"Kategorie[]\" value=\"Aktion\/Protest\/Camp\" \/><span class=\"wpcf7-list-item-label\">Aktion\/Protest\/Camp<\/span><\/label><\/span><span class=\"wpcf7-list-item\"><label><input type=\"checkbox\" name=\"Kategorie[]\" value=\"Ausstellung\" \/><span class=\"wpcf7-list-item-label\">Ausstellung<\/span><\/label><\/span><span class=\"wpcf7-list-item\"><label><input type=\"checkbox\" name=\"Kategorie[]\" value=\"Beratung\/Hilfe\/Sprechstunde\" \/><span class=\"wpcf7-list-item-label\">Beratung\/Hilfe\/Sprechstunde<\/span><\/label><\/span><span class=\"wpcf7-list-item\"><label><input type=\"checkbox\" name=\"Kategorie[]\" value=\"Buch-\/Infoladen\/B\u00fccherei\" \/><span class=\"wpcf7-list-item-label\">Buch-\/Infoladen\/B\u00fccherei<\/span><\/label><\/span><span class=\"wpcf7-list-item\"><label><input type=\"checkbox\" name=\"Kategorie[]\" value=\"Diskussion\/Vortrag\" \/><span class=\"wpcf7-list-item-label\">Diskussion\/Vortrag<\/span><\/label><\/span><span class=\"wpcf7-list-item\"><label><input type=\"checkbox\" name=\"Kategorie[]\" value=\"Essen\" \/><span class=\"wpcf7-list-item-label\">Essen<\/span><\/label><\/span><span class=\"wpcf7-list-item\"><label><input type=\"checkbox\" name=\"Kategorie[]\" value=\"Film\" \/><span class=\"wpcf7-list-item-label\">Film<\/span><\/label><\/span><span class=\"wpcf7-list-item\"><label><input type=\"checkbox\" name=\"Kategorie[]\" value=\"Treffen\" \/><span class=\"wpcf7-list-item-label\">Treffen<\/span><\/label><\/span><span class=\"wpcf7-list-item last\"><label><input type=\"checkbox\" name=\"Kategorie[]\" value=\"Workshop\/Selbermachen\" \/><span class=\"wpcf7-list-item-label\">Workshop\/Selbermachen<\/span><\/label><\/span><\/span><\/span> <\/label>\n<\/p>\n<p><label> Preis<br \/>\n<span class=\"wpcf7-form-control-wrap\" data-name=\"Preis\"><select class=\"wpcf7-form-control wpcf7-select\" aria-invalid=\"false\" name=\"Preis\"><option value=\"kostenlos\">kostenlos<\/option><option value=\"Spende\">Spende<\/option><option value=\"weniger als 3\u20ac\">weniger als 3\u20ac<\/option><option value=\"3-5\u20ac\">3-5\u20ac<\/option><option value=\"mehr als 5\u20ac\">mehr als 5\u20ac<\/option><\/select><\/span> <\/label>\n<\/p>\n<p><label> Bild (max. 500kb)<br \/>\n<span class=\"wpcf7-form-control-wrap\" data-name=\"bild\"><input size=\"40\" class=\"wpcf7-form-control wpcf7-file\" accept=\"image\/*\" aria-invalid=\"false\" type=\"file\" name=\"bild\" \/><\/span><\/label>\n<\/p>\n<p><label> Schlagworte<br \/>\n<span class=\"wpcf7-form-control-wrap\" data-name=\"Schlagworte\"><span class=\"wpcf7-form-control wpcf7-checkbox\"><span class=\"wpcf7-list-item first\"><label><input type=\"checkbox\" name=\"Schlagworte[]\" value=\"barrierearm\" \/><span class=\"wpcf7-list-item-label\">barrierearm<\/span><\/label><\/span><span class=\"wpcf7-list-item\"><label><input type=\"checkbox\" name=\"Schlagworte[]\" value=\"barrierefrei\" \/><span class=\"wpcf7-list-item-label\">barrierefrei<\/span><\/label><\/span><span class=\"wpcf7-list-item\"><label><input type=\"checkbox\" name=\"Schlagworte[]\" value=\"kinderfreundlich\" \/><span class=\"wpcf7-list-item-label\">kinderfreundlich<\/span><\/label><\/span><span class=\"wpcf7-list-item\"><label><input type=\"checkbox\" name=\"Schlagworte[]\" value=\"queerFLTI*\" \/><span class=\"wpcf7-list-item-label\">queerFLTI*<\/span><\/label><\/span><span class=\"wpcf7-list-item\"><label><input type=\"checkbox\" name=\"Schlagworte[]\" value=\"rauchfrei\" \/><span class=\"wpcf7-list-item-label\">rauchfrei<\/span><\/label><\/span><span class=\"wpcf7-list-item\"><label><input type=\"checkbox\" name=\"Schlagworte[]\" value=\"vegan\" \/><span class=\"wpcf7-list-item-label\">vegan<\/span><\/label><\/span><span class=\"wpcf7-list-item last\"><label><input type=\"checkbox\" name=\"Schlagworte[]\" value=\"vegetarisch\" \/><span class=\"wpcf7-list-item-label\">vegetarisch<\/span><\/label><\/span><\/span><\/span> <\/label>\n<\/p>\n<p><input class=\"wpcf7-form-control wpcf7-submit has-spinner\" type=\"submit\" value=\"Senden\" \/>\n<\/p><div class=\"wpcf7-response-output\" aria-hidden=\"true\"><\/div>\n<\/form>\n<\/div>\n\n<div class=\"shariff shariff-align-flex-start shariff-widget-align-flex-start\"><div class=\"ShariffHeadline\">Teile diesen Beitrag!<\/div><ul class=\"shariff-buttons theme-white orientation-horizontal buttonsize-medium\"><li class=\"shariff-button twitter shariff-nocustomcolor\" style=\"background-color:#595959\"><a href=\"https:\/\/twitter.com\/share?url=https%3A%2F%2Fwww.mietenwahnsinn.info%2F2026%2Fkalender-formular%2F&text=Kalender%20Formular\" title=\"Bei X teilen\" aria-label=\"Bei X teilen\" role=\"button\" rel=\"noopener nofollow\" class=\"shariff-link\" style=\"; background-color:#000; color:#000\" target=\"_blank\"><span class=\"shariff-icon\" style=\"fill:#000\"><svg width=\"32px\" height=\"20px\" xmlns=\"http:\/\/www.w3.org\/2000\/svg\" viewBox=\"0 0 24 24\"><path fill=\"#000\" d=\"M14.258 10.152L23.176 0h-2.113l-7.747 8.813L7.133 0H0l9.352 13.328L0 23.973h2.113l8.176-9.309 6.531 9.309h7.133zm-2.895 3.293l-.949-1.328L2.875 1.56h3.246l6.086 8.523.945 1.328 7.91 11.078h-3.246zm0 0\"\/><\/svg><\/span><span class=\"shariff-text\" style=\"color:#000\">teilen<\/span>&nbsp;<\/a><\/li><li class=\"shariff-button facebook shariff-nocustomcolor\" style=\"background-color:#4273c8\"><a href=\"https:\/\/www.facebook.com\/sharer\/sharer.php?u=https%3A%2F%2Fwww.mietenwahnsinn.info%2F2026%2Fkalender-formular%2F\" title=\"Bei Facebook teilen\" aria-label=\"Bei Facebook teilen\" role=\"button\" rel=\"nofollow\" class=\"shariff-link\" style=\"; background-color:#3b5998; color:#3b5998\" target=\"_blank\"><span class=\"shariff-icon\" style=\"fill:#3b5998\"><svg width=\"32px\" height=\"20px\" xmlns=\"http:\/\/www.w3.org\/2000\/svg\" viewBox=\"0 0 18 32\"><path fill=\"#3b5998\" d=\"M17.1 0.2v4.7h-2.8q-1.5 0-2.1 0.6t-0.5 1.9v3.4h5.2l-0.7 5.3h-4.5v13.6h-5.5v-13.6h-4.5v-5.3h4.5v-3.9q0-3.3 1.9-5.2t5-1.8q2.6 0 4.1 0.2z\"\/><\/svg><\/span><span class=\"shariff-text\" style=\"color:#3b5998\">teilen<\/span>&nbsp;<\/a><\/li><li class=\"shariff-button mailto shariff-nocustomcolor\" style=\"background-color:#a8a8a8\"><a href=\"mailto:?body=https%3A%2F%2Fwww.mietenwahnsinn.info%2F2026%2Fkalender-formular%2F&subject=Kalender%20Formular\" title=\"Per E-Mail versenden\" aria-label=\"Per E-Mail versenden\" role=\"button\" rel=\"noopener nofollow\" class=\"shariff-link\" style=\"; background-color:#999; color:#999\"><span class=\"shariff-icon\" style=\"fill:#999\"><svg width=\"32px\" height=\"20px\" xmlns=\"http:\/\/www.w3.org\/2000\/svg\" viewBox=\"0 0 32 32\"><path fill=\"#999\" d=\"M32 12.7v14.2q0 1.2-0.8 2t-2 0.9h-26.3q-1.2 0-2-0.9t-0.8-2v-14.2q0.8 0.9 1.8 1.6 6.5 4.4 8.9 6.1 1 0.8 1.6 1.2t1.7 0.9 2 0.4h0.1q0.9 0 2-0.4t1.7-0.9 1.6-1.2q3-2.2 8.9-6.1 1-0.7 1.8-1.6zM32 7.4q0 1.4-0.9 2.7t-2.2 2.2q-6.7 4.7-8.4 5.8-0.2 0.1-0.7 0.5t-1 0.7-0.9 0.6-1.1 0.5-0.9 0.2h-0.1q-0.4 0-0.9-0.2t-1.1-0.5-0.9-0.6-1-0.7-0.7-0.5q-1.6-1.1-4.7-3.2t-3.6-2.6q-1.1-0.7-2.1-2t-1-2.5q0-1.4 0.7-2.3t2.1-0.9h26.3q1.2 0 2 0.8t0.9 2z\"\/><\/svg><\/span><span class=\"shariff-text\" style=\"color:#999\">E-Mail<\/span>&nbsp;<\/a><\/li><\/ul><\/div>","protected":false},"excerpt":{"rendered":"<p>Die Termin Seite kalender.mietenwahnsinn.info basiert auf radar.squat.net. Falls eure Gruppe dort registriert ist, k\u00f6nnt ihr eure Events dort direkt erstellen und f\u00fcr die Gruppe B\u00fcndnis gegen Verdr\u00e4ngung und Mietenwahnsinn Berlin [&hellip;]<\/p>\n","protected":false},"author":21,"featured_media":0,"parent":0,"menu_order":0,"comment_status":"closed","ping_status":"closed","template":"page-templates\/full-width.php","meta":{"_acf_changed":false,"footnotes":""},"class_list":["post-17971","page","type-page","status-publish","hentry"],"acf":[],"_links":{"self":[{"href":"https:\/\/www.mietenwahnsinn.info\/2026\/wp-json\/wp\/v2\/pages\/17971","targetHints":{"allow":["GET"]}}],"collection":[{"href":"https:\/\/www.mietenwahnsinn.info\/2026\/wp-json\/wp\/v2\/pages"}],"about":[{"href":"https:\/\/www.mietenwahnsinn.info\/2026\/wp-json\/wp\/v2\/types\/page"}],"author":[{"embeddable":true,"href":"https:\/\/www.mietenwahnsinn.info\/2026\/wp-json\/wp\/v2\/users\/21"}],"replies":[{"embeddable":true,"href":"https:\/\/www.mietenwahnsinn.info\/2026\/wp-json\/wp\/v2\/comments?post=17971"}],"version-history":[{"count":5,"href":"https:\/\/www.mietenwahnsinn.info\/2026\/wp-json\/wp\/v2\/pages\/17971\/revisions"}],"predecessor-version":[{"id":18365,"href":"https:\/\/www.mietenwahnsinn.info\/2026\/wp-json\/wp\/v2\/pages\/17971\/revisions\/18365"}],"wp:attachment":[{"href":"https:\/\/www.mietenwahnsinn.info\/2026\/wp-json\/wp\/v2\/media?parent=17971"}],"curies":[{"name":"wp","href":"https:\/\/api.w.org\/{rel}","templated":true}]}}