{"id":17781,"date":"2024-06-06T10:03:54","date_gmt":"2024-06-06T08:03:54","guid":{"rendered":"https:\/\/www.mietenwahnsinn.info\/2024\/?page_id=17781"},"modified":"2025-12-01T10:56:10","modified_gmt":"2025-12-01T09:56:10","slug":"11-06-zia","status":"publish","type":"page","link":"https:\/\/www.mietenwahnsinn.info\/2026\/11-06-zia\/","title":{"rendered":"ZIA-Kongress"},"content":{"rendered":"\r\n<p>Der Zentrale Immobilienausschuss (ZIA) ist die gr\u00f6\u00dfte Lobby-Organisation der Immobilienbranche in Deutschland. Einmal j\u00e4hrlich l\u00e4dt der ZIA zum &#8222;Tag der Immobilienwirtschaft&#8220; nach Berlin. Dort vernetzen sich die Profiteure der Wohnungsnot mit den Spitzen von Politik, Verwaltung und anderen wohnungsnahen Dienstleistern. Dort werden die Rahmen gesetzt nach denen wir Mieter:innen noch effektiver ausgebeutet werden k\u00f6nnen. Es ist der Ort, an dem Mietenwahnsinn produziert wird.<\/p>\r\n\r\n\r\n\r\n<p>Mehr Hintergr\u00fcnde liefert ein Beitrag von LobbyControl: <a href=\"https:\/\/www.lobbycontrol.de\/reichtum-und-einfluss\/zia-immobilientag-kein-guter-ort-um-ueber-wohnungspolitik-zu-diskutieren-64689\/\">ZIA-Immobilientag: Kein guter Ort, um \u00fcber Wohnungspolitik zu diskutieren<\/a><\/p>\r\n\r\n\r\n\r\n\r\n\r\n<h2 class=\"wp-block-heading\"><strong>Tag der Immobilienwirtschaft<\/strong> 2024<\/h2>\r\n\r\n\r\n\r\n<p>Dieses Jahr tagte die feine Runde am 11.06.2024 im Tempodrom. Wir veranstalteten an diesem Dienstag eine Gegenkundgebung. Diese Seite dokumentiert unseren Protest.<\/p>\r\n\r\n<h3>Fotos von der Kundgebung gegen die ZIA &#8211; 11.06.2024<\/h3>\r\n\n\t\t<style type=\"text\/css\">\n\t\t\t#gallery-1 {\n\t\t\t\tmargin: auto;\n\t\t\t}\n\t\t\t#gallery-1 .gallery-item {\n\t\t\t\tfloat: left;\n\t\t\t\tmargin-top: 10px;\n\t\t\t\ttext-align: center;\n\t\t\t\twidth: 16%;\n\t\t\t}\n\t\t\t#gallery-1 img {\n\t\t\t\tborder: 2px solid #cfcfcf;\n\t\t\t}\n\t\t\t#gallery-1 .gallery-caption {\n\t\t\t\tmargin-left: 0;\n\t\t\t}\n\t\t\t\/* see gallery_shortcode() in wp-includes\/media.php *\/\n\t\t<\/style>\n\t\t<div id='gallery-1' class='gallery galleryid-17781 gallery-columns-6 gallery-size-thumbnail'><dl class='gallery-item'>\n\t\t\t<dt class='gallery-icon portrait'>\n\t\t\t\t<a href='https:\/\/www.mietenwahnsinn.info\/2026\/wp-content\/uploads\/sites\/10\/2024\/06\/2024-06-11-zia-00.jpg' rel=\"lightbox[17781]\"><img loading=\"lazy\" decoding=\"async\" width=\"150\" height=\"150\" src=\"https:\/\/www.mietenwahnsinn.info\/2026\/wp-content\/uploads\/sites\/10\/2024\/06\/2024-06-11-zia-00-150x150.jpg\" class=\"attachment-thumbnail size-thumbnail\" alt=\"\" \/><\/a>\n\t\t\t<\/dt><\/dl><dl class='gallery-item'>\n\t\t\t<dt class='gallery-icon landscape'>\n\t\t\t\t<a href='https:\/\/www.mietenwahnsinn.info\/2026\/wp-content\/uploads\/sites\/10\/2024\/06\/2024-06-11-zia-01.jpg' rel=\"lightbox[17781]\"><img loading=\"lazy\" decoding=\"async\" width=\"150\" height=\"150\" src=\"https:\/\/www.mietenwahnsinn.info\/2026\/wp-content\/uploads\/sites\/10\/2024\/06\/2024-06-11-zia-01-150x150.jpg\" class=\"attachment-thumbnail size-thumbnail\" alt=\"\" \/><\/a>\n\t\t\t<\/dt><\/dl><dl class='gallery-item'>\n\t\t\t<dt class='gallery-icon landscape'>\n\t\t\t\t<a href='https:\/\/www.mietenwahnsinn.info\/2026\/wp-content\/uploads\/sites\/10\/2024\/06\/2024-06-11-zia-02.jpg' rel=\"lightbox[17781]\"><img loading=\"lazy\" decoding=\"async\" width=\"150\" height=\"150\" src=\"https:\/\/www.mietenwahnsinn.info\/2026\/wp-content\/uploads\/sites\/10\/2024\/06\/2024-06-11-zia-02-150x150.jpg\" class=\"attachment-thumbnail size-thumbnail\" alt=\"\" \/><\/a>\n\t\t\t<\/dt><\/dl><dl class='gallery-item'>\n\t\t\t<dt class='gallery-icon landscape'>\n\t\t\t\t<a href='https:\/\/www.mietenwahnsinn.info\/2026\/wp-content\/uploads\/sites\/10\/2024\/06\/2024-06-11-zia-03.jpg' rel=\"lightbox[17781]\"><img loading=\"lazy\" decoding=\"async\" width=\"150\" height=\"150\" src=\"https:\/\/www.mietenwahnsinn.info\/2026\/wp-content\/uploads\/sites\/10\/2024\/06\/2024-06-11-zia-03-150x150.jpg\" class=\"attachment-thumbnail size-thumbnail\" alt=\"\" \/><\/a>\n\t\t\t<\/dt><\/dl><dl class='gallery-item'>\n\t\t\t<dt class='gallery-icon landscape'>\n\t\t\t\t<a href='https:\/\/www.mietenwahnsinn.info\/2026\/wp-content\/uploads\/sites\/10\/2024\/06\/2024-06-11-zia-04.jpg' rel=\"lightbox[17781]\"><img loading=\"lazy\" decoding=\"async\" width=\"150\" height=\"150\" src=\"https:\/\/www.mietenwahnsinn.info\/2026\/wp-content\/uploads\/sites\/10\/2024\/06\/2024-06-11-zia-04-150x150.jpg\" class=\"attachment-thumbnail size-thumbnail\" alt=\"\" \/><\/a>\n\t\t\t<\/dt><\/dl><dl class='gallery-item'>\n\t\t\t<dt class='gallery-icon landscape'>\n\t\t\t\t<a href='https:\/\/www.mietenwahnsinn.info\/2026\/wp-content\/uploads\/sites\/10\/2024\/06\/2024-06-11-zia-05.jpg' rel=\"lightbox[17781]\"><img loading=\"lazy\" decoding=\"async\" width=\"150\" height=\"150\" src=\"https:\/\/www.mietenwahnsinn.info\/2026\/wp-content\/uploads\/sites\/10\/2024\/06\/2024-06-11-zia-05-150x150.jpg\" class=\"attachment-thumbnail size-thumbnail\" alt=\"\" \/><\/a>\n\t\t\t<\/dt><\/dl><br style=\"clear: both\" \/>\n\t\t<\/div>\n\r\n<p><a href=\"https:\/\/www.reflektor-neukoelln.de\/aktionen\/die-verdr%C3%A4ngten\/\" target=\"_blank\" rel=\"noopener\"><em>Reflektor<\/em><\/a><em> stellte ihre Figuren der Verdr\u00e4ngten f\u00fcr die installative Aktion w\u00e4hrend der Kundgebung am 01.06.2024 zur Verf\u00fcgung.<\/em><\/p>\r\n<hr \/>\r\n<p><img loading=\"lazy\" decoding=\"async\" class=\"aligncenter size-full wp-image-17815\" src=\"https:\/\/www.mietenwahnsinn.info\/2024\/wp-content\/uploads\/sites\/10\/2024\/06\/zia-00.jpg\" alt=\"\" width=\"675\" height=\"804\" srcset=\"https:\/\/www.mietenwahnsinn.info\/2026\/wp-content\/uploads\/sites\/10\/2024\/06\/zia-00.jpg 675w, https:\/\/www.mietenwahnsinn.info\/2026\/wp-content\/uploads\/sites\/10\/2024\/06\/zia-00-252x300.jpg 252w, https:\/\/www.mietenwahnsinn.info\/2026\/wp-content\/uploads\/sites\/10\/2024\/06\/zia-00-624x743.jpg 624w\" sizes=\"auto, (max-width: 675px) 100vw, 675px\" \/><br \/><img loading=\"lazy\" decoding=\"async\" class=\"aligncenter size-full wp-image-17783\" src=\"https:\/\/www.mietenwahnsinn.info\/2024\/wp-content\/uploads\/sites\/10\/2024\/06\/zia-02.jpg\" alt=\"\" width=\"680\" height=\"957\" srcset=\"https:\/\/www.mietenwahnsinn.info\/2026\/wp-content\/uploads\/sites\/10\/2024\/06\/zia-02.jpg 680w, https:\/\/www.mietenwahnsinn.info\/2026\/wp-content\/uploads\/sites\/10\/2024\/06\/zia-02-213x300.jpg 213w, https:\/\/www.mietenwahnsinn.info\/2026\/wp-content\/uploads\/sites\/10\/2024\/06\/zia-02-624x878.jpg 624w\" sizes=\"auto, (max-width: 680px) 100vw, 680px\" \/><\/p>\r\n<p>Flyer als PDF-Datei zum <a href=\"https:\/\/www.mietenwahnsinn.info\/2024\/wp-content\/uploads\/sites\/10\/2024\/06\/zia.pdf\" target=\"_blank\" rel=\"noopener\">Download<\/a><\/p>\r\n<hr \/><div class=\"shariff shariff-align-flex-start shariff-widget-align-flex-start\"><div class=\"ShariffHeadline\">Teile diesen Beitrag!<\/div><ul class=\"shariff-buttons theme-white orientation-horizontal buttonsize-medium\"><li class=\"shariff-button twitter shariff-nocustomcolor\" style=\"background-color:#595959\"><a href=\"https:\/\/twitter.com\/share?url=https%3A%2F%2Fwww.mietenwahnsinn.info%2F2026%2F11-06-zia%2F&text=ZIA-Kongress\" title=\"Bei X teilen\" aria-label=\"Bei X teilen\" role=\"button\" rel=\"noopener nofollow\" class=\"shariff-link\" style=\"; background-color:#000; color:#000\" target=\"_blank\"><span class=\"shariff-icon\" style=\"fill:#000\"><svg width=\"32px\" height=\"20px\" xmlns=\"http:\/\/www.w3.org\/2000\/svg\" viewBox=\"0 0 24 24\"><path fill=\"#000\" d=\"M14.258 10.152L23.176 0h-2.113l-7.747 8.813L7.133 0H0l9.352 13.328L0 23.973h2.113l8.176-9.309 6.531 9.309h7.133zm-2.895 3.293l-.949-1.328L2.875 1.56h3.246l6.086 8.523.945 1.328 7.91 11.078h-3.246zm0 0\"\/><\/svg><\/span><span class=\"shariff-text\" style=\"color:#000\">teilen<\/span>&nbsp;<\/a><\/li><li class=\"shariff-button facebook shariff-nocustomcolor\" style=\"background-color:#4273c8\"><a href=\"https:\/\/www.facebook.com\/sharer\/sharer.php?u=https%3A%2F%2Fwww.mietenwahnsinn.info%2F2026%2F11-06-zia%2F\" title=\"Bei Facebook teilen\" aria-label=\"Bei Facebook teilen\" role=\"button\" rel=\"nofollow\" class=\"shariff-link\" style=\"; background-color:#3b5998; color:#3b5998\" target=\"_blank\"><span class=\"shariff-icon\" style=\"fill:#3b5998\"><svg width=\"32px\" height=\"20px\" xmlns=\"http:\/\/www.w3.org\/2000\/svg\" viewBox=\"0 0 18 32\"><path fill=\"#3b5998\" d=\"M17.1 0.2v4.7h-2.8q-1.5 0-2.1 0.6t-0.5 1.9v3.4h5.2l-0.7 5.3h-4.5v13.6h-5.5v-13.6h-4.5v-5.3h4.5v-3.9q0-3.3 1.9-5.2t5-1.8q2.6 0 4.1 0.2z\"\/><\/svg><\/span><span class=\"shariff-text\" style=\"color:#3b5998\">teilen<\/span>&nbsp;<\/a><\/li><li class=\"shariff-button mailto shariff-nocustomcolor\" style=\"background-color:#a8a8a8\"><a href=\"mailto:?body=https%3A%2F%2Fwww.mietenwahnsinn.info%2F2026%2F11-06-zia%2F&subject=ZIA-Kongress\" title=\"Per E-Mail versenden\" aria-label=\"Per E-Mail versenden\" role=\"button\" rel=\"noopener nofollow\" class=\"shariff-link\" style=\"; background-color:#999; color:#999\"><span class=\"shariff-icon\" style=\"fill:#999\"><svg width=\"32px\" height=\"20px\" xmlns=\"http:\/\/www.w3.org\/2000\/svg\" viewBox=\"0 0 32 32\"><path fill=\"#999\" d=\"M32 12.7v14.2q0 1.2-0.8 2t-2 0.9h-26.3q-1.2 0-2-0.9t-0.8-2v-14.2q0.8 0.9 1.8 1.6 6.5 4.4 8.9 6.1 1 0.8 1.6 1.2t1.7 0.9 2 0.4h0.1q0.9 0 2-0.4t1.7-0.9 1.6-1.2q3-2.2 8.9-6.1 1-0.7 1.8-1.6zM32 7.4q0 1.4-0.9 2.7t-2.2 2.2q-6.7 4.7-8.4 5.8-0.2 0.1-0.7 0.5t-1 0.7-0.9 0.6-1.1 0.5-0.9 0.2h-0.1q-0.4 0-0.9-0.2t-1.1-0.5-0.9-0.6-1-0.7-0.7-0.5q-1.6-1.1-4.7-3.2t-3.6-2.6q-1.1-0.7-2.1-2t-1-2.5q0-1.4 0.7-2.3t2.1-0.9h26.3q1.2 0 2 0.8t0.9 2z\"\/><\/svg><\/span><span class=\"shariff-text\" style=\"color:#999\">E-Mail<\/span>&nbsp;<\/a><\/li><\/ul><\/div>","protected":false},"excerpt":{"rendered":"<p>Der Zentrale Immobilienausschuss (ZIA) ist die gr\u00f6\u00dfte Lobby-Organisation der Immobilienbranche in Deutschland. Einmal j\u00e4hrlich l\u00e4dt der ZIA zum &#8222;Tag der Immobilienwirtschaft&#8220; nach Berlin. Dort vernetzen sich die Profiteure der Wohnungsnot [&hellip;]<\/p>\n","protected":false},"author":21,"featured_media":0,"parent":0,"menu_order":0,"comment_status":"closed","ping_status":"closed","template":"page-templates\/full-width.php","meta":{"_acf_changed":false,"footnotes":""},"class_list":["post-17781","page","type-page","status-publish","hentry"],"acf":[],"_links":{"self":[{"href":"https:\/\/www.mietenwahnsinn.info\/2026\/wp-json\/wp\/v2\/pages\/17781","targetHints":{"allow":["GET"]}}],"collection":[{"href":"https:\/\/www.mietenwahnsinn.info\/2026\/wp-json\/wp\/v2\/pages"}],"about":[{"href":"https:\/\/www.mietenwahnsinn.info\/2026\/wp-json\/wp\/v2\/types\/page"}],"author":[{"embeddable":true,"href":"https:\/\/www.mietenwahnsinn.info\/2026\/wp-json\/wp\/v2\/users\/21"}],"replies":[{"embeddable":true,"href":"https:\/\/www.mietenwahnsinn.info\/2026\/wp-json\/wp\/v2\/comments?post=17781"}],"version-history":[{"count":5,"href":"https:\/\/www.mietenwahnsinn.info\/2026\/wp-json\/wp\/v2\/pages\/17781\/revisions"}],"predecessor-version":[{"id":18454,"href":"https:\/\/www.mietenwahnsinn.info\/2026\/wp-json\/wp\/v2\/pages\/17781\/revisions\/18454"}],"wp:attachment":[{"href":"https:\/\/www.mietenwahnsinn.info\/2026\/wp-json\/wp\/v2\/media?parent=17781"}],"curies":[{"name":"wp","href":"https:\/\/api.w.org\/{rel}","templated":true}]}}