{"id":17112,"date":"2024-05-17T11:20:28","date_gmt":"2024-05-17T09:20:28","guid":{"rendered":"https:\/\/www.mietenwahnsinn.info\/2024\/?page_id=17112"},"modified":"2026-03-20T18:45:48","modified_gmt":"2026-03-20T17:45:48","slug":"chor","status":"publish","type":"page","link":"https:\/\/www.mietenwahnsinn.info\/2026\/chor\/","title":{"rendered":"Chor"},"content":{"rendered":"<h4><a href=\"#Demochor\">Demochor<\/a> \u2014 <a href=\"#Lieder\">Lieder und Texte<\/a><\/h4>\n<hr \/>\n<h3 id=\"Demochor\">Demochor am 04.06.<\/h3>\n<p>Mit Musik geht alles besser. Also auch der Widerstand gegen Obdachlosigkeit, hohe Mieten und den Mietenwahnsinn in unserer Stadt.<br \/>\nF\u00fcr die Demonstration am 04.06.2025 haben sich mehrere Ch\u00f6re dieser Stadt zusammengetan und wollen mit uns auf der Stra\u00dfe gemeinsam singen.<\/p>\n<hr \/>\n<h3>\u00d6ffentliche Probe am 27.05.<\/h3>\n<p>Damit wir uns im Vorfeld schon aufeinander einstimmen k\u00f6nnen, wird es eine gemeinsame Probe geben, zu der wir alle interessierten Ch\u00f6re und Einzelpersonen herzlich einladen.<\/p>\n<p>Wann: 27.05., 18:45 Uhr<br \/>\nWo: Refo Campus, Wiclefstra\u00dfe 32, 10551 Berlin-Moabit (S-Bahn Beusselstra\u00dfe)<\/p>\n<p>Bitte gebt diese Infos an eure Ch\u00f6re weiter.<\/p>\n<hr \/>\n<h3 id=\"Lieder\">Lieder und Texte<\/h3>\n<p>Diese 7 Lieder wollen wir singen:<\/p>\n<p><a href=\"#GanzBerlin\">Ganz Berlin sitzt auf der Stra\u00dfe (Ganz Paris tr\u00e4umt von der Liebe) <\/a>\u2014<br \/>\n<a href=\"#Mietwuchertango\">Mietwuchertango (Kriminaltango)<\/a> \u2014<br \/>\n<a href=\"#Mieterinnen\">Mieter:innen (Bruder Jakob)<\/a>\u00a0\u2014<br \/>\n<a href=\"#Flowers\">H\u00e4user Besitzen (I like the Flowers)<\/a> \u2014<br \/>\n<a href=\"#Wem\">Wem geh\u00f6rt die Stadt<\/a> \u2014<br \/>\n<a href=\"#Sch\u00f6n\">Kein sch\u00f6nes Land (Kein sch\u00f6ner Land)<\/a>\u00a0\u2014<br \/>\n<a href=\"#Reso\">Resolution der Kommunarden<\/a><\/p>\n<p>Alle Lieder finden sich auf diesem Textblatt: <a href=\"https:\/\/www.mietenwahnsinn.info\/2025\/wp-content\/uploads\/sites\/10\/2025\/05\/7-mietenlieder-fuer-mietendemo-2025-mit-qr-code.pdf\">PDF mit Texten<\/a><\/p>\n<h4 id=\"GanzBerlin\">Ganz Berlin sitzt auf der Stra\u00dfe (Ganz Paris tr\u00e4umt von der Liebe)<\/h4>\n<p>Ganz Berlin sitzt auf der Stra\u00dfe,<br \/>\ndoch wie konnte das gescheh\u2018n?<br \/>\nMieten steigen, woll\u2018n vertreiben &#8211; uns aufreiben,<br \/>\ndoch wir woll\u2018n nicht l\u00e4nger schweigen. &#8211; N\u00f6, wir bleiben!<\/p>\n<p>Das Gem\u00e4uer wird zu teuer \u2013 viel zu teuer!<br \/>\nUnd das geht uns alle an \u2013 alle an!<br \/>\nGibt&#8217;s zum Beispiel f\u00fcr dich die Eigenbedarfsklage,<br \/>\ndann bist auch du ganz schnell mit dran.<\/p>\n<p>Darum wacht auf Verdammte dieser Erde.<br \/>\nSo leicht verdr\u00e4ngen lassen wir uns nicht! &#8211; Wir nicht!<br \/>\nWir sind viele, sagen laut, dass es uns auch betrifft.<br \/>\nDenn Wohnen ist ein Menschenrecht!<\/p>\n<p>Und so geht ganz Berlin jetzt auf die Stra\u00dfe,<br \/>\ndenn wir haben es so satt. &#8211; So satt!<br \/>\nWir sind viele, sagen laut, wir bleiben hier,<br \/>\ndenn schlie\u00dflich sind wir diese Stadt!<\/p>\n<div class=\"box cookie-box\">\n<h3>Externer Inhalt<\/h3>\n<p>Link: https:\/\/www.youtube.com\/embed\/T_WRVOziAj8?si=48AjH45gVhZbscX7<br \/>Du musst die Nutzung von Cookies akzeptieren, damit dieser Inhalt geladen wird.<br \/>[cookies_revoke title=&#8220;Den Umgang mit Cookies \u00e4ndern?&#8220;]<\/p>\n<\/p><\/div>\n<h4 id=\"Mietwuchertango\">Mietwuchertango (Kriminaltango)<\/h4>\n<p>Refrain<br \/>\nMietwuchertango<br \/>\nin den Pal\u00e4sten<br \/>\nder Wohnkonzerne<br \/>\nmit notablen G\u00e4sten<br \/>\nimmer und immer<br \/>\nwieder das Gleiche<br \/>\nbleierne Stille<br \/>\ndoch wir schweigen nicht.<\/p>\n<p>1) Und sie tanzen einen Tango<br \/>\nDeutsche Wohnen und Vonovia<br \/>\nUnd die Chefs der gro\u00dfen Banken<br \/>\nmachen Hintergrundmusik.<br \/>\nNur die Herrn von der Regierung,<br \/>\ndie geladen sind als Zeugen,<br \/>\nm\u00fcssten eigentlich was sagen,<br \/>\ndoch die Herrn, die sagen nichts.<\/p>\n<p>Refrain<br \/>\n2) Und sie tanzen einen Tango:<br \/>\nHeimstaden und Akelius,<br \/>\nund der Senat, der kann nichts finden,<br \/>\nwas daran verd\u00e4chtig w\u00e4r.<br \/>\nUnsere Gelder sehn wir flie\u00dfen<br \/>\nf\u00fcr die Steuern und die Mieten.<br \/>\nKleider, Essen sind zu teuer,<br \/>\ndass bald nichts mehr \u00fcbrig bleibt.<\/p>\n<p>Refrain<br \/>\n3) Und sie tanzen einen Tango,<br \/>\nalle, die an uns verdienen,<br \/>\ndie uns immer so beschei\u00dfen,<br \/>\nf\u00fcr sie bedeutet es Profit.<br \/>\nImmer greller dr\u00f6hnt der Tango,<br \/>\nund uns ist es sonnenklar,<br \/>\nda\u00df hier falsche T\u00f6ne klingen,<br \/>\ndrum enteignen wir sie jetzt!<\/p>\n<h4 id=\"Mieterinnen\">Mieter:innen (Bruder Jakob &#8211; Kanon)<\/h4>\n<p>1) Mieter*innen, Mieter*innen,<br \/>\nschlaft ihr noch? Schlaft ihr noch?<br \/>\nH\u00f6rt ihr nicht die Drohung? Sie woll&#8217;n eure Wohnung!<br \/>\nEigenbedarf: als L\u00fcge entlarvt!<\/p>\n<p>2) Mieter*innen, Mieter*innen,<br \/>\nsteht jetzt auf, steht jetzt auf!<br \/>\nLasst euch nicht vertreiben, wir wer&#8217;n alle bleiben!<br \/>\nWiderstand im ganzen Land!<\/p>\n<h4 id=\"Flowers\">H\u00e4user Besitzen (I like the Flowers)<\/h4>\n<p>H\u00e4user besitzen * darf sich nicht lohnen,<br \/>\nH\u00e4user den Menschen, * die darin wohnen,<br \/>\nWohnen ist Menschenrecht, muss bezahlbar sein.<\/p>\n<p>Umverteilen, umverteilen, umverteilen, umverteilen!<br \/>\nSelbstverwalten, selbstverwalten, selbstverwalten,<br \/>\nselbstverwalten!<br \/>\n(Schluss:) &#8230; JETZT!<\/p>\n<h4 id=\"Wem\">Wem geh\u00f6rt die Stadt<\/h4>\n<p>2. Stimme f\u00e4ngt an -&gt; 1. Stimme dazu:<br \/>\nWem, wem, wem geh\u00f6rt die Stadt?<br \/>\nWem, wem, wem geh\u00f6rt die Stadt?<br \/>\nWem, wem, wem geh\u00f6rt die Stadt? Wenn nicht uns, wenn nicht uns, wem denn dann?!<\/p>\n<p>-&gt; 3. Stimme:<br \/>\n3x: Wir bleiben alle! -&gt; Wir bleiben alle hier!<br \/>\n=&gt;&gt; alle 3 Stimmen zusammen<\/p>\n<p>2.) Strophe (1. &amp; 2. Stimme):<br \/>\nUns, uns, uns geh\u00f6rt die Stadt! 3x<br \/>\nWir sind hier, bleiben hier, bleiben alle!<br \/>\n-&gt; 3. Stimme: 3x: Wir bleiben alle! -&gt; Wir bleiben alle hier!<br \/>\n=&gt;&gt; alle 3 Stimmen zusammen<\/p>\n<h4 id=\"Sch\u00f6n\">Kein sch\u00f6nes Land (Kein sch\u00f6ner Land)<\/h4>\n<p>1) Kein sch\u00f6nes Land in dieser Zeit,<br \/>\nzu hohe Mieten weit und breit.<\/p>\n<p>2x: Mit unsrer Mi-iete keine Rendi-ite.<br \/>\nWut macht sich breit.<\/p>\n<p>2) Steht der Investor vor der T\u00fcr,<br \/>\ndann wohnst du nicht mehr lange hier.<\/p>\n<p>2x: Denn Luxuswohnungen sind f\u00fcr uns Drohungen<br \/>\naus lauter Gier!<\/p>\n<p>3) Hier wird gebaut, dass\u2018 nur so kracht!<br \/>\nWas hat an Wohnraum das gebracht?<\/p>\n<p>2x: Lofts f\u00fcr die Re_ichen, ja ihresgle_ichen<br \/>\nsind wohl bedacht.<\/p>\n<p>4) Neue B\u00fcros baut man zuhauf,<br \/>\nAbschreibung schafft Rendite auch.<\/p>\n<p>2x: So viel an Le_erstand, was ist denn das f\u00fcr\u00b4n Land?<br \/>\nWer zahlt hier drauf?<\/p>\n<p>5) Gebt H\u00e4user und Wohnungen her,<br \/>\nsie steh&#8217;n schon viel zu lange leer!<\/p>\n<p>2x: So viele Le_ute sind wir hier he_ute,<br \/>\nwer\u2018n immer mehr!<\/p>\n<h4 id=\"Reso\">Resolution der Kommunarden<\/h4>\n<p>1) In Erw\u00e4gung unserer Schw\u00e4che machtet<br \/>\nihr Gesetze, die uns knechten soll&#8217;n,<br \/>\ndie Gesetze seien k\u00fcnftig nicht beachtet<br \/>\nin Erw\u00e4gung, da\u00df wir nicht mehr Knecht sein woll&#8217;n.<\/p>\n<p>Refrain<br \/>\nIn Erw\u00e4gung, da\u00df ihr uns dann eben<br \/>\nmit Gewehren und Kanonen droht,<br \/>\nhaben wir beschlossen, nunmehr schlechtes Leben<br \/>\nmehr zu f\u00fcrchten als den Tod.<\/p>\n<p>2) In Erw\u00e4gung, da\u00df wir hungrig bleiben,<br \/>\nwenn wir dulden, da\u00df ihr uns bestehlt,<br \/>\nwollen wir mal feststell&#8217;n, da\u00df nur Fensterscheiben<br \/>\nuns vom \u01f5uten Brote trennen, das uns fehlt.<\/p>\n<p>Refrain<br \/>\n3) In Erw\u00e4gung, da\u00b4 da H\u00e4user stehen,<br \/>\nw\u00e4hrend ihr uns ohne Bleibe la\u00dft,<br \/>\nhaben wir beschlossen, jetzt dort einzuziehen,<br \/>\nweil es uns in uns&#8217;ren L\u00f6chern nicht mehr pa\u00dft.<\/p>\n<p>Refrain<br \/>\n4) In Erw\u00e4gung, es gibt zuviel Kohlen,<br \/>\nw\u00e4hrend es uns ohne Kohlen friert,<br \/>\nhaben wir beschlossen, sie uns jetzt zu holen,<br \/>\nin Erw\u00e4gung, da\u00df es uns dann warm sein wird.<\/p>\n<p>Refrain<br \/>\n5) In Erw\u00e4gung, es will euch nicht gl\u00fccken<br \/>\nuns zu schaffen einen guten Lohn,<br \/>\n\u00fcbernehmen wir jetzt selber die Fabriken<br \/>\nin Erw\u00e4gung, ohne euch reicht&#8217;s f\u00fcr uns schon.<\/p>\n<p>Refrain<br \/>\n6) In Erw\u00e4gung, da\u00df wir der Regierung,<br \/>\nwas sie immer auch verspricht, nicht trau&#8217;n,<br \/>\nhaben wir beschlossen, unter eig&#8217;ner F\u00fchrung<br \/>\nuns nunmehr ein gutes Leben aufzubau&#8217;n.<br \/>\nIn Erw\u00e4gung, ihr h\u00f6rt auf Kanonen<br \/>\nand&#8217;re Sprachen k\u00f6nnt ihr nicht versteh&#8217;n<br \/>\nm\u00fcssen wir dann eben, ja das wird sich lohnen,<br \/>\ndie Kanonen auf euch dreh&#8217;n!<\/p>\n<div class=\"shariff shariff-align-flex-start shariff-widget-align-flex-start\"><div class=\"ShariffHeadline\">Teile diesen Beitrag!<\/div><ul class=\"shariff-buttons theme-white orientation-horizontal buttonsize-medium\"><li class=\"shariff-button twitter shariff-nocustomcolor\" style=\"background-color:#595959\"><a href=\"https:\/\/twitter.com\/share?url=https%3A%2F%2Fwww.mietenwahnsinn.info%2F2026%2Fchor%2F&text=Chor\" title=\"Bei X teilen\" aria-label=\"Bei X teilen\" role=\"button\" rel=\"noopener nofollow\" class=\"shariff-link\" style=\"; background-color:#000; color:#000\" target=\"_blank\"><span class=\"shariff-icon\" style=\"fill:#000\"><svg width=\"32px\" height=\"20px\" xmlns=\"http:\/\/www.w3.org\/2000\/svg\" viewBox=\"0 0 24 24\"><path fill=\"#000\" d=\"M14.258 10.152L23.176 0h-2.113l-7.747 8.813L7.133 0H0l9.352 13.328L0 23.973h2.113l8.176-9.309 6.531 9.309h7.133zm-2.895 3.293l-.949-1.328L2.875 1.56h3.246l6.086 8.523.945 1.328 7.91 11.078h-3.246zm0 0\"\/><\/svg><\/span><span class=\"shariff-text\" style=\"color:#000\">teilen<\/span>&nbsp;<\/a><\/li><li class=\"shariff-button facebook shariff-nocustomcolor\" style=\"background-color:#4273c8\"><a href=\"https:\/\/www.facebook.com\/sharer\/sharer.php?u=https%3A%2F%2Fwww.mietenwahnsinn.info%2F2026%2Fchor%2F\" title=\"Bei Facebook teilen\" aria-label=\"Bei Facebook teilen\" role=\"button\" rel=\"nofollow\" class=\"shariff-link\" style=\"; background-color:#3b5998; color:#3b5998\" target=\"_blank\"><span class=\"shariff-icon\" style=\"fill:#3b5998\"><svg width=\"32px\" height=\"20px\" xmlns=\"http:\/\/www.w3.org\/2000\/svg\" viewBox=\"0 0 18 32\"><path fill=\"#3b5998\" d=\"M17.1 0.2v4.7h-2.8q-1.5 0-2.1 0.6t-0.5 1.9v3.4h5.2l-0.7 5.3h-4.5v13.6h-5.5v-13.6h-4.5v-5.3h4.5v-3.9q0-3.3 1.9-5.2t5-1.8q2.6 0 4.1 0.2z\"\/><\/svg><\/span><span class=\"shariff-text\" style=\"color:#3b5998\">teilen<\/span>&nbsp;<\/a><\/li><li class=\"shariff-button mailto shariff-nocustomcolor\" style=\"background-color:#a8a8a8\"><a href=\"mailto:?body=https%3A%2F%2Fwww.mietenwahnsinn.info%2F2026%2Fchor%2F&subject=Chor\" title=\"Per E-Mail versenden\" aria-label=\"Per E-Mail versenden\" role=\"button\" rel=\"noopener nofollow\" class=\"shariff-link\" style=\"; background-color:#999; color:#999\"><span class=\"shariff-icon\" style=\"fill:#999\"><svg width=\"32px\" height=\"20px\" xmlns=\"http:\/\/www.w3.org\/2000\/svg\" viewBox=\"0 0 32 32\"><path fill=\"#999\" d=\"M32 12.7v14.2q0 1.2-0.8 2t-2 0.9h-26.3q-1.2 0-2-0.9t-0.8-2v-14.2q0.8 0.9 1.8 1.6 6.5 4.4 8.9 6.1 1 0.8 1.6 1.2t1.7 0.9 2 0.4h0.1q0.9 0 2-0.4t1.7-0.9 1.6-1.2q3-2.2 8.9-6.1 1-0.7 1.8-1.6zM32 7.4q0 1.4-0.9 2.7t-2.2 2.2q-6.7 4.7-8.4 5.8-0.2 0.1-0.7 0.5t-1 0.7-0.9 0.6-1.1 0.5-0.9 0.2h-0.1q-0.4 0-0.9-0.2t-1.1-0.5-0.9-0.6-1-0.7-0.7-0.5q-1.6-1.1-4.7-3.2t-3.6-2.6q-1.1-0.7-2.1-2t-1-2.5q0-1.4 0.7-2.3t2.1-0.9h26.3q1.2 0 2 0.8t0.9 2z\"\/><\/svg><\/span><span class=\"shariff-text\" style=\"color:#999\">E-Mail<\/span>&nbsp;<\/a><\/li><\/ul><\/div>","protected":false},"excerpt":{"rendered":"<p>Demochor \u2014 Lieder und Texte Demochor am 04.06. Mit Musik geht alles besser. Also auch der Widerstand gegen Obdachlosigkeit, hohe Mieten und den Mietenwahnsinn in unserer Stadt. F\u00fcr die Demonstration [&hellip;]<\/p>\n","protected":false},"author":21,"featured_media":0,"parent":0,"menu_order":0,"comment_status":"closed","ping_status":"closed","template":"page-templates\/full-width.php","meta":{"_acf_changed":false,"footnotes":""},"class_list":["post-17112","page","type-page","status-publish","hentry"],"acf":[],"_links":{"self":[{"href":"https:\/\/www.mietenwahnsinn.info\/2026\/wp-json\/wp\/v2\/pages\/17112","targetHints":{"allow":["GET"]}}],"collection":[{"href":"https:\/\/www.mietenwahnsinn.info\/2026\/wp-json\/wp\/v2\/pages"}],"about":[{"href":"https:\/\/www.mietenwahnsinn.info\/2026\/wp-json\/wp\/v2\/types\/page"}],"author":[{"embeddable":true,"href":"https:\/\/www.mietenwahnsinn.info\/2026\/wp-json\/wp\/v2\/users\/21"}],"replies":[{"embeddable":true,"href":"https:\/\/www.mietenwahnsinn.info\/2026\/wp-json\/wp\/v2\/comments?post=17112"}],"version-history":[{"count":5,"href":"https:\/\/www.mietenwahnsinn.info\/2026\/wp-json\/wp\/v2\/pages\/17112\/revisions"}],"predecessor-version":[{"id":18266,"href":"https:\/\/www.mietenwahnsinn.info\/2026\/wp-json\/wp\/v2\/pages\/17112\/revisions\/18266"}],"wp:attachment":[{"href":"https:\/\/www.mietenwahnsinn.info\/2026\/wp-json\/wp\/v2\/media?parent=17112"}],"curies":[{"name":"wp","href":"https:\/\/api.w.org\/{rel}","templated":true}]}}